ple of 8?
False
Does 1530 divide 1006002?
False
Does 266 divide 1814396?
False
Is 11 a factor of 3626002?
False
Is 65 a factor of 4272?
False
Is 9525 a multiple of 249?
False
Is 8 a factor of 4447255?
False
Is 95 a factor of 46455?
True
Is 2818324 a multiple of 43?
False
Is 794 a factor of 2684929?
False
Is 77 a factor of 918225?
True
Is 165 a factor of 540600?
False
Does 37 divide 3615?
False
Does 77 divide 1795255?
True
Is 2238447 a multiple of 9?
False
Is 473989 a multiple of 243?
False
Is 40395 a multiple of 15?
True
Is 26 a factor of 29978?
True
Is 757 a factor of 280913?
False
Does 5 divide 255162?
False
Is 182049 a multiple of 12?
False
Does 38 divide 10105?
False
Does 1057 divide 8893559?
False
Is 5 a factor of 211897?
False
Does 198 divide 656964?
True
Does 12 divide 60672?
True
Is 113 a factor of 1260176?
True
Is 8694575 a multiple of 575?
True
Is 4439 a multiple of 2?
False
Is 20 a factor of 340560?
True
Is 437 a factor of 3872694?
True
Does 425 divide 4578949?
False
Does 3 divide 410331?
True
Is 440 a factor of 491405?
False
Is 29 a factor of 160999?
False
Does 4 divide 7481588?
True
Is 9979 a multiple of 6?
False
Does 31 divide 849510?
False
Does 59 divide 1612065?
False
Does 6 divide 568449?
False
Is 2321753 a multiple of 10?
False
Is 1334263 a multiple of 7?
True
Does 52 divide 14051544?
True
Is 7050 a multiple of 15?
True
Is 10 a factor of 279620?
True
Is 111936 a multiple of 176?
True
Does 141 divide 23397?
False
Is 292 a factor of 28743312?
True
Is 116288 a multiple of 158?
True
Does 75 divide 39009?
False
Is 4284242 a multiple of 244?
False
Does 26 divide 3680630?
False
Is 354 a factor of 2131788?
True
Is 6 a factor of 15276?
True
Is 173 a factor of 491493?
True
Is 4345727 a multiple of 21?
False
Is 18 a factor of 274151?
False
Does 53 divide 553235?
False
Is 3 a factor of 334032?
True
Is 68 a factor of 55080?
True
Is 305718 a multiple of 87?
True
Does 41 divide 277953?
False
Is 2374459 a multiple of 20?
False
Does 2 divide 228344?
True
Is 555 a factor of 122582?
False
Does 449 divide 797873?
True
Does 41 divide 21521?
False
Is 23 a factor of 163668?
True
Is 383382 a multiple of 114?
True
Is 8 a factor of 3169272?
True
Is 2776950 a multiple of 33?
True
Does 8 divide 159712?
True
Is 121756 a multiple of 27?
False
Is 1380002 a multiple of 1087?
False
Is 787870 a multiple of 8?
False
Does 268 divide 19192479?
False
Does 13 divide 7118743?
False
Is 127160 a multiple of 85?
True
Is 828420 a multiple of 17?
False
Does 18 divide 756896?
False
Is 32 a factor of 275918?
False
Is 60 a factor of 18480?
True
Does 985 divide 238370?
True
Is 168 a factor of 259133?
False
Does 284 divide 32092?
True
Is 3323 a multiple of 2?
False
Does 486 divide 10520442?
True
Is 5 a factor of 55347?
False
Is 613 a factor of 11774504?
True
Is 99660 a multiple of 20?
True
Is 50 a factor of 1152695?
False
Is 3876 a multiple of 102?
True
Does 27 divide 6218451?
True
Is 79 a factor of 459532?
False
Is 18 a factor of 924696?
True
Does 132 divide 15180?
True
Is 3125 a multiple of 25?
True
Does 27 divide 3120712?
False
Is 503 a factor of 173750?
False
Is 49 a factor of 1185318?
False
Does 609 divide 622398?
True
Does 5 divide 338985?
True
Is 10920660 a multiple of 13?
False
Is 61 a factor of 32320?
False
Is 159936 a multiple of 96?
True
Is 5578056 a multiple of 33?
True
Is 53 a factor of 183645?
True
Is 14 a factor of 757107?
False
Does 16 divide 2177349?
False
Does 54 divide 566352?
True
Does 138 divide 2383?
False
Does 351 divide 566865?
True
Is 13 a factor of 24936?
False
Is 271 a factor of 43360?
True
Does 375 divide 1378125?
True
Is 88 a factor of 341088?
True
Is 100303 a multiple of 7?
True
Is 339339 a multiple of 13?
True
Is 238 a factor of 1233078?
True
Is 1542189 a multiple of 493?
False
Is 36 a factor of 167328?
True
Is 34 a factor of 117542?
False
Does 61 divide 3378497?
False
Is 274 a factor of 254240?
False
Does 143 divide 66937?
False
Does 3 divide 1503921?
True
Does 40 divide 354490?
False
Is 118638 a multiple of 41?
False
Is 80 a factor of 431480?
False
Is 400620 a multiple of 330?
True
Does 159 divide 27359607?
True
Is 89 a factor of 2479869?
False
Is 781494 a multiple of 299?
False
Does 19 divide 306546?
True
Does 40 divide 214200?
True
Is 1229712 a multiple of 4?
True
Is 2329792 a multiple of 16?
True
Is 1125332 a multiple of 247?
True
Does 123 divide 46932?
False
Is 4606561 a multiple of 1312?
False
Is 12 a factor of 906384?
True
Is 58 a factor of 37769?
False
Is 57018 a multiple of 102?
True
Does 186 divide 1165662?
True
Does 628 divide 10500788?
True
Is 14 a factor of 10409395?
False
Does 67 divide 234444?
False
Is 155576 a multiple of 21?
False
Is 25157510 a multiple of 259?
False
Does 19 divide 5154510?
True
Is 51471 a multiple of 72?
False
Is 26397 a multiple of 63?
True
Is 18 a factor of 16749454?
False
Is 911 a factor of 4114987?
True
Is 10771350 a multiple of 93?
False
Is 1036892 a multiple of 292?
True
Does 23 divide 7471033?
False
Does 218 divide 1119179?
False
Is 7691 a multiple of 3?
False
Does 59 divide 241908?
False
Is 436722 a multiple of 66?
True
Does 61 divide 1966?
False
Is 1380327 a multiple of 808?
False
Does 156 divide 4211064?
True
Does 53 divide 4729131?
False
Does 21 divide 395452?
False
Is 254240 a multiple of 16?
True
Is 45 a factor of 3931695?
True
Is 68 a factor of 6151159?
False
Does 16 divide 620546?
False
Does 509 divide 786929?
False
Is 118 a factor of 161187?
False
Is 20210389 a multiple of 196?
False
Does 44 divide 318946?
False
Is 89 a factor of 1451575?
False
Is 420 a factor of 5962320?
True
Is 781 a factor of 13187914?
False
Is 7428218 a multiple of 2714?
True
Is 22724255 a multiple of 48?
False
Is 105220 a multiple of 10?
True
Does 21 divide 259892?
False
Is 21420 a multiple of 36?
True
Is 519720 a multiple of 213?
True
Is 218792 a multiple of 26?
False
Does 22 divide 23190?
False
Is 1120365 a multiple of 154?
False
Does 223 divide 18122?
False
Is 464 a factor of 5934560?
True
Does 66 divide 29806?
False
Does 55 divide 6007155?
True
Does 6 divide 4290672?
True
Does 15 divide 114345?
True
Does 15 divide 6232500?
True
Does 274 divide 7972034?
False
Is 656 a factor of 846896?
True
Is 27 a factor of 1238733?
True
Does 139 divide 113067?
False
Does 8 divide 180280?
True
Does 4 divide 1048904?
True
Is 76 a factor of 391788?
False
Is 78 a factor of 871182?
True
Is 2 a factor of 56315?
False
Is 5 a factor of 557540?
True
Is 141 a factor of 17282?
False
Does 194 divide 213206?
True
Does 2 divide 12720?
True
Is 71154 a multiple of 59?
True
Is 481468 a multiple of 94?
True
Is 3591507 a multiple of 59?
True
Does 20 divide 992080?
True
Does 121 divide 105149?
True
Is 9433182 a multiple of 22?
True
Does 61 divide 461964?
False
Is 11 a factor of 5428522?
True
Is 4733148 a multiple of 402?
True
Is 19 a factor of 716737?
True
Does 25 divide 663862?
False
Is 77 a factor of 40652?
False
Is 6 a factor of 120515?
False
Is 4 a factor of 874073?
False
Is 467 a factor of 445051?
True
Does 20 divide 26620?
True
Is 1667952 a multiple of 44?
True
Is 465 a factor of 103869?
False
Is 62220 a multiple of 20?
True
Does 14 divide 287826?
True
Is 6 a factor of 2452?
False
Is 16 a factor of 917184?
True
Is 13 a factor of 952874?
True
Is 179 a factor of 301069?
False
Does 9 divide 1252365?
False
Is 958 a factor of 1773147?
False
Is 482713 a multiple of 31?
False
Is 1949864 a multiple of 14?
True
Is 1272025 a multiple of 17?
True
Is 8 a factor of 1344376?
True
Is 584 a factor of 147752?
True
Is 6 a factor of 380952?
True
Is 169 a factor of 603461?
False
Is 253 a factor of 100525?
False
Does 3 divide 250698?
True
Is 1682 a factor of 15455898?
True
Is 1816811 a multiple of 122?
False
Is 55 a factor of 551413?
False
Does 21 divide 420954?
False
Is 78 a factor of 582641?
False
Is 2486978 a multiple of 152?
False
Is 1053950 a multiple of 985?
True
Is 1270296 a multiple of 218?
False
Is 40 a factor of 102280?
True
Does 6 divide 1034238?
True
Does 110 divide 238437?
False
Does 18 divide 2619373?
False
Is 1223460 a multiple of 330?
False
Does 461 divide 1794673?
True
Is 763912 a multiple of 25?
False
Is 1538 a factor of 975092?
True
Is 68 a factor of 292604?
True
Is 12 a factor of 4614055?
False
Is 3697235 a multiple of 86?
False
Does 5 divide 